{"id":1230,"date":"2019-04-16T11:31:22","date_gmt":"2019-04-16T11:31:22","guid":{"rendered":"https:\/\/www.roemerhof-felben.ch\/w\/?page_id=1230"},"modified":"2026-04-17T12:06:23","modified_gmt":"2026-04-17T12:06:23","slug":"bestellung-rind-formular","status":"publish","type":"page","link":"https:\/\/www.roemerhof-felben.ch\/w\/fleisch-vom-roemerhof\/bestellung-rind-formular\/","title":{"rendered":"Bestellung &#8211; Rind &#8211; Formular"},"content":{"rendered":"<p>[vc_row][vc_column][vc_empty_space][vc_column_text]<\/p>\n<h1>Rindfleisch vom R\u00f6merhof<\/h1>\n<p>[\/vc_column_text][vc_raw_html]JTNDcCUyMHN0eWxlJTNEJTIydGV4dC1hbGlnbiUzQXJpZ2h0JTNCJTIyJTNFJTNDYSUyMGhyZWYlM0QlMjJqYXZhc2NyaXB0JTNBaGlzdG9yeS5iYWNrJTI4JTI5JTNCJTIyJTNFJTI2JTIzMTcxJTNCJTIwenVyJUMzJUJDY2slM0MlMkZhJTNFJTNDJTJGcCUzRQ==[\/vc_raw_html][\/vc_column][\/vc_row][vc_row][vc_column width=&#8220;1\/2&#8243;][vc_column_text]<\/p>\n<h2>R\u00f6merhof-Beef aus artgerechter Mutterkuhhaltung:<\/h2>\n<p>W\u00fcrzig wie Rindfleisch und zart wie Kalbfleisch, so kann der Geschmack des R\u00f6merhof-Beef bezeichnet werden. Die K\u00e4lber bleiben bei ihrer Mutter bis das n\u00e4chste Kalb zur Welt kommt und die Kuh sich vom \u00e4lteren Kalb trennt. W\u00e4hrend der ganzen Zeit fressen die K\u00e4lber mit ihrer Kuh auf der Weide oder im Stall das auf unserem Hof produzierte Gras, Silage und Heu. Den Sommer verbringen unsere K\u00fche mit K\u00e4lbern und Stier auf unserer Weide in Bornhausen. Anschliessend werden sie bei uns auf dem Hof vom Metzger abgeholt und nach Amlikon transportiert. Nach fachgerechter Schlachtung erf\u00e4hrt das Fleisch die bestm\u00f6gliche Reifung und Verarbeitung durch professionelles Metzger- Handwerk. Das resultierende Top- Produkt wird von uns pers\u00f6nlich portioniert und auf Wunsch vakuumiert.<\/p>\n<p>Aus Respekt gegen\u00fcber dem Schlachttier, nach dem Motto &#8222;from Nose to Tail&#8220;, bieten wir ausschliesslich Mischpakete an. Diese (1\/16, 1\/8 Tier oder mehr) enthalten im vom jeweiligen Schlachtk\u00f6rper abh\u00e4ngigen Verh\u00e4ltnis folgende St\u00fccke:<\/p>\n<p>Entrecote, Filet, Huft, Geschnetzeltes, Hackfleisch, Pl\u00e4tzli, Hohr\u00fccken, Braten, Voressen, Saftpl\u00e4tzli, Leber (auf Wunsch), Siedefleisch<\/p>\n<p>Anstelle von Siedefleisch sind auch Kalbsbratw\u00fcrste oder Ofenfleischk\u00e4se erh\u00e4ltlich.<\/p>\n<p>Haben Sie W\u00fcnsche? Sprechen Sie uns darauf an, wir sind flexibel und haben M\u00f6glichkeiten, aus St\u00fccken, welche Sie nicht so m\u00f6gen etwas Anderes herzustellen.[\/vc_column_text][\/vc_column][vc_column width=&#8220;1\/2&#8243;][vc_empty_space][vc_column_text el_class=&#8220;BestellForm&#8220;]<div role=\"form\" class=\"wpcf7\" id=\"wpcf7-f1823-o1\" lang=\"en-US\" dir=\"ltr\">\n<div class=\"screen-reader-response\"><\/div>\n<form action=\"\/w\/wp-json\/wp\/v2\/pages\/1230#wpcf7-f1823-o1\" method=\"post\" class=\"wpcf7-form\" novalidate=\"novalidate\" id=\"BNBForm\">\n<div style=\"display: none;\">\n<input type=\"hidden\" name=\"_wpcf7\" value=\"1823\" \/>\n<input type=\"hidden\" name=\"_wpcf7_version\" value=\"5.1.1\" \/>\n<input type=\"hidden\" name=\"_wpcf7_locale\" value=\"en_US\" \/>\n<input type=\"hidden\" name=\"_wpcf7_unit_tag\" value=\"wpcf7-f1823-o1\" \/>\n<input type=\"hidden\" name=\"_wpcf7_container_post\" value=\"0\" \/>\n<input type=\"hidden\" name=\"_wpcf7cf_hidden_group_fields\" value=\"\" \/>\n<input type=\"hidden\" name=\"_wpcf7cf_hidden_groups\" value=\"\" \/>\n<input type=\"hidden\" name=\"_wpcf7cf_visible_groups\" value=\"\" \/>\n<input type=\"hidden\" name=\"_wpcf7cf_options\" value=\"{&quot;form_id&quot;:1823,&quot;conditions&quot;:[{&quot;then_field&quot;:&quot;Group4&quot;,&quot;and_rules&quot;:[{&quot;if_field&quot;:&quot;Fleischauswahl&quot;,&quot;operator&quot;:&quot;equals&quot;,&quot;if_value&quot;:&quot;Viertel R\\u00f6merhof-Beef, ca 28 kg, Fr. 27.- pro kg&quot;}]},{&quot;then_field&quot;:&quot;Group8&quot;,&quot;and_rules&quot;:[{&quot;if_field&quot;:&quot;Fleischauswahl&quot;,&quot;operator&quot;:&quot;equals&quot;,&quot;if_value&quot;:&quot;Achtel R\\u00f6merhof-Beef, ca 14 kg, Fr. 29.- pro kg&quot;}]},{&quot;then_field&quot;:&quot;Group16&quot;,&quot;and_rules&quot;:[{&quot;if_field&quot;:&quot;Fleischauswahl&quot;,&quot;operator&quot;:&quot;equals&quot;,&quot;if_value&quot;:&quot;Sechzentel R\\u00f6merhof-Beef, ca 7.5 kg, Fr. 30.- pro kg&quot;}]},{&quot;then_field&quot;:&quot;GroupLeber&quot;,&quot;and_rules&quot;:[{&quot;if_field&quot;:&quot;AuswahlFleisch4&quot;,&quot;operator&quot;:&quot;not equals&quot;,&quot;if_value&quot;:&quot;&quot;}]},{&quot;then_field&quot;:&quot;GroupLeber&quot;,&quot;and_rules&quot;:[{&quot;if_field&quot;:&quot;AuswahlFleisch8&quot;,&quot;operator&quot;:&quot;not equals&quot;,&quot;if_value&quot;:&quot;&quot;}]},{&quot;then_field&quot;:&quot;GroupLeber&quot;,&quot;and_rules&quot;:[{&quot;if_field&quot;:&quot;AuswahlFleisch16&quot;,&quot;operator&quot;:&quot;not equals&quot;,&quot;if_value&quot;:&quot;&quot;}]},{&quot;then_field&quot;:&quot;GroupVakuumierung&quot;,&quot;and_rules&quot;:[{&quot;if_field&quot;:&quot;Leber&quot;,&quot;operator&quot;:&quot;not equals&quot;,&quot;if_value&quot;:&quot;&quot;}]},{&quot;then_field&quot;:&quot;GroupVerpackung&quot;,&quot;and_rules&quot;:[{&quot;if_field&quot;:&quot;Vakuumierung&quot;,&quot;operator&quot;:&quot;equals&quot;,&quot;if_value&quot;:&quot;ja&quot;}]},{&quot;then_field&quot;:&quot;GroupAdresse&quot;,&quot;and_rules&quot;:[{&quot;if_field&quot;:&quot;Vakuumierung&quot;,&quot;operator&quot;:&quot;equals&quot;,&quot;if_value&quot;:&quot;nein&quot;}]},{&quot;then_field&quot;:&quot;GroupAdresse&quot;,&quot;and_rules&quot;:[{&quot;if_field&quot;:&quot;Paketgroesse&quot;,&quot;operator&quot;:&quot;not equals&quot;,&quot;if_value&quot;:&quot;&quot;}]},{&quot;then_field&quot;:&quot;GroupLeber&quot;,&quot;and_rules&quot;:[{&quot;if_field&quot;:&quot;AuswahlFleisch8Transfer&quot;,&quot;operator&quot;:&quot;not equals&quot;,&quot;if_value&quot;:&quot;&quot;}]}],&quot;settings&quot;:{&quot;animation&quot;:&quot;yes&quot;,&quot;animation_intime&quot;:200,&quot;animation_outtime&quot;:200,&quot;notice_dismissed&quot;:false}}\" \/>\n<input type=\"hidden\" name=\"g-recaptcha-response\" value=\"\" \/>\n<\/div>\n<div class=\"BestellForm\">\n<p>       <strong>Bestellung<\/strong><\/p>\n<p>       <em>Bitte w\u00e4hlen Sie aus:<\/em><\/p>\n<p>       <span class=\"wpcf7-form-control-wrap Fleischauswahl\"><span class=\"wpcf7-form-control wpcf7-radio\" id=\"radFleischauswahl\"><span class=\"wpcf7-list-item first\"><input type=\"radio\" name=\"Fleischauswahl\" value=\"Sechzentel R\u00f6merhof-Beef, ca 7.5 kg, Fr. 30.- pro kg\" \/><span class=\"wpcf7-list-item-label\">Sechzentel R\u00f6merhof-Beef, ca 7.5 kg, Fr. 30.- pro kg<\/span><\/span><span class=\"wpcf7-list-item\"><input type=\"radio\" name=\"Fleischauswahl\" value=\"Achtel R\u00f6merhof-Beef, ca 14 kg, Fr. 29.- pro kg\" \/><span class=\"wpcf7-list-item-label\">Achtel R\u00f6merhof-Beef, ca 14 kg, Fr. 29.- pro kg<\/span><\/span><span class=\"wpcf7-list-item last\"><input type=\"radio\" name=\"Fleischauswahl\" value=\"Viertel R\u00f6merhof-Beef, ca 28 kg, Fr. 27.- pro kg\" \/><span class=\"wpcf7-list-item-label\">Viertel R\u00f6merhof-Beef, ca 28 kg, Fr. 27.- pro kg<\/span><\/span><\/span><\/span><\/p>\n<div class=\"mtb40\"><\/div>\n<div data-id=\"Group4\"  data-class=\"wpcf7cf_group\">\n              ------------------------------------------------------------------------<br \/>\n\t       <strong>Auswahl Fleischsorten (drei m\u00f6glich)<\/strong><br \/>\n\t       <span class=\"wpcf7-form-control-wrap AuswahlFleisch4\"><span class=\"wpcf7-form-control wpcf7-checkbox\" id=\"chkAuswahlFleisch4\"><span class=\"wpcf7-list-item first\"><input type=\"checkbox\" name=\"AuswahlFleisch4[]\" value=\"Siedfleisch\" \/><span class=\"wpcf7-list-item-label\">Siedfleisch<\/span><\/span><span class=\"wpcf7-list-item\"><input type=\"checkbox\" name=\"AuswahlFleisch4[]\" value=\"Kalbsbratwurst\" \/><span class=\"wpcf7-list-item-label\">Kalbsbratwurst<\/span><\/span><span class=\"wpcf7-list-item last\"><input type=\"checkbox\" name=\"AuswahlFleisch4[]\" value=\"Ofenfleischk\u00e4se\" \/><span class=\"wpcf7-list-item-label\">Ofenfleischk\u00e4se<\/span><\/span><\/span><\/span><\/p><\/div>\n<div data-id=\"Group8\"  data-class=\"wpcf7cf_group\">\n                ------------------------------------------------------------------------<br \/>\n\t       <strong>Auswahl Fleischsorten (zwei m\u00f6glich)<\/strong><br \/>\n\t       <span class=\"wpcf7-form-control-wrap AuswahlFleisch8\"><span class=\"wpcf7-form-control wpcf7-checkbox\" id=\"chkAuswahlFleisch8\"><span class=\"wpcf7-list-item first\"><input type=\"checkbox\" name=\"AuswahlFleisch8[]\" value=\"Siedfleisch\" \/><span class=\"wpcf7-list-item-label\">Siedfleisch<\/span><\/span><span class=\"wpcf7-list-item\"><input type=\"checkbox\" name=\"AuswahlFleisch8[]\" value=\"Kalbsbratwurst\" \/><span class=\"wpcf7-list-item-label\">Kalbsbratwurst<\/span><\/span><span class=\"wpcf7-list-item last\"><input type=\"checkbox\" name=\"AuswahlFleisch8[]\" value=\"Ofenfleischk\u00e4se\" \/><span class=\"wpcf7-list-item-label\">Ofenfleischk\u00e4se<\/span><\/span><\/span><\/span><\/p>\n<input type=\"hidden\" name=\"AuswahlFleisch8Transfer\" value=\"\" class=\"wpcf7-form-control wpcf7-hidden\" id=\"AuswahlFleischTransfer\" \/><\/div>\n<div data-id=\"Group16\"  data-class=\"wpcf7cf_group\">\n               ------------------------------------------------------------------------<br \/>\n\t       <strong>Auswahl Fleischsorten (eine m\u00f6glich)<\/strong><br \/>\n\t       <span class=\"wpcf7-form-control-wrap AuswahlFleisch16\"><span class=\"wpcf7-form-control wpcf7-radio\"><span class=\"wpcf7-list-item first\"><input type=\"radio\" name=\"AuswahlFleisch16\" value=\"Siedfleisch\" \/><span class=\"wpcf7-list-item-label\">Siedfleisch<\/span><\/span><span class=\"wpcf7-list-item\"><input type=\"radio\" name=\"AuswahlFleisch16\" value=\"Kalbsbratwurst\" \/><span class=\"wpcf7-list-item-label\">Kalbsbratwurst<\/span><\/span><span class=\"wpcf7-list-item last\"><input type=\"radio\" name=\"AuswahlFleisch16\" value=\"Ofenfleischk\u00e4se\" \/><span class=\"wpcf7-list-item-label\">Ofenfleischk\u00e4se<\/span><\/span><\/span><\/span><\/p><\/div>\n<div id=\"groupLeberHide\">\n<div data-id=\"GroupLeber\"  data-class=\"wpcf7cf_group\">\n\t       ------------------------------------------------------------------------<br \/>\n\t       <strong>Auswahl Leber<\/strong><br \/>\n\t       Leber <span class=\"wpcf7-form-control-wrap Leber\"><span class=\"wpcf7-form-control wpcf7-radio\" id=\"radLeber\"><span class=\"wpcf7-list-item first\"><input type=\"radio\" name=\"Leber\" value=\"ja\" \/><span class=\"wpcf7-list-item-label\">ja<\/span><\/span><span class=\"wpcf7-list-item last\"><input type=\"radio\" name=\"Leber\" value=\"nein\" \/><span class=\"wpcf7-list-item-label\">nein<\/span><\/span><\/span><\/span> <\/p><\/div>\n<\/div>\n<div data-id=\"GroupVakuumierung\"  data-class=\"wpcf7cf_group\">\n               ------------------------------------------------------------------------<br \/>\n\t      <strong>Vakuumierung <\/strong><br \/>\n\t      <span class=\"wpcf7-form-control-wrap Vakuumierung\"><span class=\"wpcf7-form-control wpcf7-radio\"><span class=\"wpcf7-list-item first\"><input type=\"radio\" name=\"Vakuumierung\" value=\"nein\" \/><span class=\"wpcf7-list-item-label\">nein<\/span><\/span><span class=\"wpcf7-list-item last\"><input type=\"radio\" name=\"Vakuumierung\" value=\"ja\" \/><span class=\"wpcf7-list-item-label\">ja<\/span><\/span><\/span><\/span>  (Zuschlag: Fr. 2.- pro kg)<\/p><\/div>\n<div data-id=\"GroupVerpackung\"  data-class=\"wpcf7cf_group\">\n             ------------------------------------------------------------------------<br \/>\n\t      <strong>Paketgr\u00f6sse<\/strong><br \/>\n\t\t       <span class=\"wpcf7-form-control-wrap Paketgroesse\"><span class=\"wpcf7-form-control wpcf7-radio\"><span class=\"wpcf7-list-item first\"><input type=\"radio\" name=\"Paketgroesse\" value=\"300g\" \/><span class=\"wpcf7-list-item-label\">300g<\/span><\/span><span class=\"wpcf7-list-item\"><input type=\"radio\" name=\"Paketgroesse\" value=\"400g\" \/><span class=\"wpcf7-list-item-label\">400g<\/span><\/span><span class=\"wpcf7-list-item\"><input type=\"radio\" name=\"Paketgroesse\" value=\"500g\" \/><span class=\"wpcf7-list-item-label\">500g<\/span><\/span><span class=\"wpcf7-list-item\"><input type=\"radio\" name=\"Paketgroesse\" value=\"600g\" \/><span class=\"wpcf7-list-item-label\">600g<\/span><\/span><span class=\"wpcf7-list-item\"><input type=\"radio\" name=\"Paketgroesse\" value=\"750g\" \/><span class=\"wpcf7-list-item-label\">750g<\/span><\/span><span class=\"wpcf7-list-item last\"><input type=\"radio\" name=\"Paketgroesse\" value=\"1000g\" \/><span class=\"wpcf7-list-item-label\">1000g<\/span><\/span><\/span><\/span>\n\t<\/div>\n<div data-id=\"GroupAdresse\"  data-class=\"wpcf7cf_group\">\n              ------------------------------------------------------------------------<br \/>\n\t      <strong>Ihre Angaben:<\/strong><\/p>\n<p>\t      Anrede: <span class=\"wpcf7-form-control-wrap Anrede\"><span class=\"wpcf7-form-control wpcf7-radio\"><span class=\"wpcf7-list-item first\"><input type=\"radio\" name=\"Anrede\" value=\"Frau\" checked=\"checked\" \/><span class=\"wpcf7-list-item-label\">Frau<\/span><\/span><span class=\"wpcf7-list-item last\"><input type=\"radio\" name=\"Anrede\" value=\"Herr\" \/><span class=\"wpcf7-list-item-label\">Herr<\/span><\/span><\/span><\/span><\/p>\n<div class=\"mtb40\"><\/div>\n<p>               <span id=\"wpcf7-69e4a1a9bed3b-wrapper\" class=\"wpcf7-form-control-wrap myname-wrap\" ><input type=\"hidden\" name=\"myname-time-start\" value=\"1776591273\"><input type=\"hidden\" name=\"myname-time-check\" value=\"4\"><input id=\"wpcf7-69e4a1a9bed3b-field\"  class=\"wpcf7-form-control wpcf7-text\" type=\"text\" name=\"myname\" value=\"\" size=\"40\" tabindex=\"-1\" autocomplete=\"off\" \/><\/span><br \/>\n\t      <span class=\"wpcf7-form-control-wrap NameVorname\"><input type=\"text\" name=\"NameVorname\" value=\"\" size=\"40\" class=\"wpcf7-form-control wpcf7-text wpcf7-validates-as-required form-control\" aria-required=\"true\" aria-invalid=\"false\" placeholder=\"Vorname \/ Name*\" \/><\/span><br \/>\n\t      <span class=\"wpcf7-form-control-wrap Firma\"><input type=\"text\" name=\"Firma\" value=\"\" size=\"40\" class=\"wpcf7-form-control wpcf7-text form-control\" aria-invalid=\"false\" placeholder=\"Firma\" \/><\/span><br \/>\n\t      <span class=\"wpcf7-form-control-wrap Strasse\"><input type=\"text\" name=\"Strasse\" value=\"\" size=\"40\" class=\"wpcf7-form-control wpcf7-text wpcf7-validates-as-required form-control\" aria-required=\"true\" aria-invalid=\"false\" placeholder=\"Strasse *\" \/><\/span><\/p>\n<div class=\"row mtt40 mtb40\">\n<div class=\"col-sm-4\"><span class=\"wpcf7-form-control-wrap PLZ\"><input type=\"text\" name=\"PLZ\" value=\"\" size=\"40\" class=\"wpcf7-form-control wpcf7-text wpcf7-validates-as-required form-control\" aria-required=\"true\" aria-invalid=\"false\" placeholder=\"PLZ *\" \/><\/span><\/div>\n<div class=\"col-sm-8\"> <span class=\"wpcf7-form-control-wrap Ort\"><input type=\"text\" name=\"Ort\" value=\"\" size=\"40\" class=\"wpcf7-form-control wpcf7-text wpcf7-validates-as-required form-control\" aria-required=\"true\" aria-invalid=\"false\" placeholder=\"Ort *\" \/><\/span><\/div>\n<\/div>\n<p>\t      <span class=\"wpcf7-form-control-wrap Email\"><input type=\"email\" name=\"Email\" value=\"\" size=\"40\" class=\"wpcf7-form-control wpcf7-text wpcf7-email wpcf7-validates-as-required wpcf7-validates-as-email form-control\" aria-required=\"true\" aria-invalid=\"false\" placeholder=\"Email *\" \/><\/span><br \/>\n\t      <span class=\"wpcf7-form-control-wrap Telefon\"><input type=\"text\" name=\"Telefon\" value=\"\" size=\"40\" class=\"wpcf7-form-control wpcf7-text wpcf7-validates-as-required form-control w320\" aria-required=\"true\" aria-invalid=\"false\" placeholder=\"Telefon *\" \/><\/span><br \/>\n\t      <span class=\"wpcf7-form-control-wrap Bemerkungen\"><textarea name=\"Bemerkungen\" cols=\"40\" rows=\"10\" class=\"wpcf7-form-control wpcf7-textarea form-control\" aria-invalid=\"false\" placeholder=\"Nachricht\"><\/textarea><\/span><\/p>\n<div class=\"wrapper-submit mtb40\"><input type=\"submit\" value=\"abschicken\" class=\"wpcf7-form-control wpcf7-submit btn btn-theme btnWeiter\" id=\"submitButton\" \/><\/div><\/div>\n<\/div>\n<div class=\"wpcf7-response-output wpcf7-display-none\"><\/div><\/form><\/div>[\/vc_column_text][\/vc_column][\/vc_row]<\/p>\n","protected":false},"excerpt":{"rendered":"<p>[vc_row][vc_column][vc_empty_space][vc_column_text] Rindfleisch vom R\u00f6merhof [\/vc_column_text][vc_raw_html]JTNDcCUyMHN0eWxlJTNEJTIydGV4dC1hbGlnbiUzQXJpZ2h0JTNCJTIyJTNFJTNDYSUyMGhyZWYlM0QlMjJqYXZhc2NyaXB0JTNBaGlzdG9yeS5iYWNrJTI4JTI5JTNCJTIyJTNFJTI2JTIzMTcxJTNCJTIwenVyJUMzJUJDY2slM0MlMkZhJTNFJTNDJTJGcCUzRQ==[\/vc_raw_html][\/vc_column][\/vc_row][vc_row][vc_column width=&#8220;1\/2&#8243;][vc_column_text] R\u00f6merhof-Beef aus artgerechter Mutterkuhhaltung: W\u00fcrzig wie Rindfleisch und zart wie Kalbfleisch, so kann der Geschmack des R\u00f6merhof-Beef bezeichnet werden. Die K\u00e4lber bleiben bei ihrer Mutter bis das n\u00e4chste Kalb zur Welt kommt und die Kuh sich vom \u00e4lteren Kalb trennt. W\u00e4hrend der ganzen Zeit fressen die K\u00e4lber mit ihrer &hellip; <br \/><a href=\"https:\/\/www.roemerhof-felben.ch\/w\/fleisch-vom-roemerhof\/bestellung-rind-formular\/\" class=\"more-link\">Continue reading <span class=\"screen-reader-text\">Bestellung &#8211; Rind &#8211; Formular<\/span><\/a><\/p>\n","protected":false},"author":2,"featured_media":0,"parent":1136,"menu_order":0,"comment_status":"closed","ping_status":"closed","template":"","meta":[],"_links":{"self":[{"href":"https:\/\/www.roemerhof-felben.ch\/w\/wp-json\/wp\/v2\/pages\/1230"}],"collection":[{"href":"https:\/\/www.roemerhof-felben.ch\/w\/wp-json\/wp\/v2\/pages"}],"about":[{"href":"https:\/\/www.roemerhof-felben.ch\/w\/wp-json\/wp\/v2\/types\/page"}],"author":[{"embeddable":true,"href":"https:\/\/www.roemerhof-felben.ch\/w\/wp-json\/wp\/v2\/users\/2"}],"replies":[{"embeddable":true,"href":"https:\/\/www.roemerhof-felben.ch\/w\/wp-json\/wp\/v2\/comments?post=1230"}],"version-history":[{"count":19,"href":"https:\/\/www.roemerhof-felben.ch\/w\/wp-json\/wp\/v2\/pages\/1230\/revisions"}],"predecessor-version":[{"id":11803,"href":"https:\/\/www.roemerhof-felben.ch\/w\/wp-json\/wp\/v2\/pages\/1230\/revisions\/11803"}],"up":[{"embeddable":true,"href":"https:\/\/www.roemerhof-felben.ch\/w\/wp-json\/wp\/v2\/pages\/1136"}],"wp:attachment":[{"href":"https:\/\/www.roemerhof-felben.ch\/w\/wp-json\/wp\/v2\/media?parent=1230"}],"curies":[{"name":"wp","href":"https:\/\/api.w.org\/{rel}","templated":true}]}}